me factors of 73956980?
2, 5, 3697849
What are the prime factors of 6016269826?
2, 7, 429733559
List the prime factors of 372908842.
2, 186454421
List the prime factors of 16783475.
5, 671339
What are the prime factors of 137065557?
3, 2089, 21871
List the prime factors of 42270003.
3, 19, 247193
List the prime factors of 793585434.
2, 3, 1409, 93871
List the prime factors of 30568345.
5, 6113669
List the prime factors of 35572316.
2, 13, 73, 9371
List the prime factors of 435900295.
5, 157, 555287
List the prime factors of 132589291.
503, 263597
What are the prime factors of 29388264?
2, 3, 43, 28477
What are the prime factors of 112785?
3, 5, 73, 103
What are the prime factors of 1658581651?
41, 461, 87751
List the prime factors of 736834520.
2, 5, 18420863
List the prime factors of 7646075943.
3, 11, 751, 308521
List the prime factors of 297354163.
37, 8036599
What are the prime factors of 93681754?
2, 1229, 38113
What are the prime factors of 53643882?
2, 3, 1723, 5189
What are the prime factors of 25485805?
5, 17, 41, 71, 103
List the prime factors of 533533804.
2, 7121, 18731
What are the prime factors of 21512720?
2, 5, 268909
List the prime factors of 588448144.
2, 2971, 12379
List the prime factors of 937637779.
13, 149, 484067
List the prime factors of 2251632429.
3, 751, 333131
List the prime factors of 1049364347.
47, 79, 409, 691
What are the prime factors of 259830891?
3, 67, 430897
What are the prime factors of 2915654310?
2, 3, 5, 19, 73, 23357
What are the prime factors of 2566815896?
2, 320851987
List the prime factors of 145368711.
3, 16152079
List the prime factors of 38808457.
38808457
List the prime factors of 3947590207.
11, 47, 359, 21269
What are the prime factors of 548234642?
2, 113, 193, 12569
List the prime factors of 293387497.
13, 223, 101203
List the prime factors of 361126739.
193, 379, 4937
What are the prime factors of 112407537?
3, 11, 149, 22861
List the prime factors of 775632763.
19, 40822777
What are the prime factors of 278856179?
7, 19, 83, 25261
List the prime factors of 14190063.
3, 499, 9479
List the prime factors of 356090780.
2, 5, 19, 89, 10529
What are the prime factors of 53152611?
3, 17717537
What are the prime factors of 68250997?
68250997
List the prime factors of 351436416.
2, 3, 915199
What are the prime factors of 543105098?
2, 29, 53, 176677
What are the prime factors of 20075386?
2, 37, 271289
List the prime factors of 79184160.
2, 3, 5, 11, 4999
List the prime factors of 104240715.
3, 5, 23, 73, 4139
What are the prime factors of 12909582?
2, 3, 7, 29, 3533
List the prime factors of 544313989.
544313989
What are the prime factors of 1488567567?
3, 23, 61, 83, 4261
List the prime factors of 608903190.
2, 3, 5, 7, 322171
What are the prime factors of 161330746?
2, 80665373
What are the prime factors of 471493084?
2, 117873271
List the prime factors of 307330099.
307330099
What are the prime factors of 93549943?
93549943
What are the prime factors of 199317269?
199317269
What are the prime factors of 1739544288?
2, 3, 18120253
List the prime factors of 21283253.
21283253
What are the prime factors of 92224916?
2, 7, 79, 173, 241
What are the prime factors of 4085898933?
3, 1361966311
List the prime factors of 40933532.
2, 10233383
List the prime factors of 3400907146.
2, 7, 13, 59, 316717
What are the prime factors of 51131580?
2, 3, 5, 17, 50129
List the prime factors of 40004294.
2, 11, 53, 3119
List the prime factors of 597758264.
2, 59, 151, 8387
What are the prime factors of 137035625?
5, 43, 5099
What are the prime factors of 1776405855?
3, 5, 7, 19, 890429
What are the prime factors of 1470042483?
3, 7, 13, 19, 40487
What are the prime factors of 4743537155?
5, 7, 135529633
What are the prime factors of 35585155?
5, 79, 90089
List the prime factors of 592849437.
3, 197616479
List the prime factors of 7673801.
7673801
What are the prime factors of 5265221475?
3, 5, 70202953
List the prime factors of 7368834.
2, 3, 11, 311, 359
What are the prime factors of 48785716?
2, 7, 17, 113, 907
List the prime factors of 355471304.
2, 19, 2338627
What are the prime factors of 359107023?
3, 11, 10882031
List the prime factors of 94312344.
2, 3, 7, 61, 9203
List the prime factors of 19535077.
59, 467, 709
What are the prime factors of 179159675?
5, 67, 106961
List the prime factors of 32362108.
2, 743, 10889
List the prime factors of 181716192.
2, 3, 7, 23, 3919
List the prime factors of 199760910.
2, 3, 5, 6658697
What are the prime factors of 907304178?
2, 3, 11, 17, 449, 1801
List the prime factors of 984305996.
2, 246076499
What are the prime factors of 77386722?
2, 3, 7, 47, 197, 199
List the prime factors of 148226725.
5, 433, 13693
What are the prime factors of 17003948?
2, 13, 326999
List the prime factors of 86697673.
7901, 10973
List the prime factors of 338824035.
3, 5, 11, 684493
What are the prime factors of 69510354?
2, 3, 61, 179, 1061
What are the prime factors of 165183929?
19, 8693891
List the prime factors of 4485820851.
3, 166141513
List the prime factors of 36682206.
2, 3, 11, 109, 5099
What are the prime factors of 2441138071?
2441138071
List the prime factors of 302635913.
37, 8179349
What are the prime factors of 762925142?
2, 7, 53, 1028201
What are the prime factors of 240894152?
2, 30111769
What are the prime factors of 1116781526?
2, 7, 5011, 15919
What are the prime factors of 783814780?
2, 5, 7, 761, 1051
List the prime factors of 165907084.
2, 7, 5925253
What are the prime factors of 192508519?
7, 73, 376729
What are the prime factors of 3111679883?
13, 59, 312073
What are the prime factors of 428552?
2, 53569
List the prime factors of 1311071888.
2, 7, 701, 16699
List the prime factors of 28469049.
3, 7, 19, 10193
List the prime factors of 644798748.
2, 3, 11, 1249, 3911
What are the prime factors of 489211926?
2, 3, 7, 233, 49991
List the prime factors of 55457765.
5, 11, 1008323
List the prime factors of 162974882.
2, 7, 1663009
What are the prime factors of 8916085765?
5, 179, 331, 30097
What are the prime factors of 991626069?
3, 7, 47, 1004687
List the prime factors of 2308040900.
2, 5, 11, 557, 3767
What are the prime factors of 27939767?
27939767
What are the prime factors of 3361172?
2, 17, 49429
What are the prime factors of 1873060329?
3, 7, 12741907
List the prime factors of 414437301.
3, 46048589
List the prime factors of 2471919955.
5, 101, 727, 6733
What are the prime factors of 1064020105?
5, 821, 259201
What are the prime factors of 189246309?
3, 7, 2137, 4217
What are the prime factors of 190788364?
2, 13, 3669007
What are the prime factors of 2651242540?
2, 5, 223, 594449
What are the prime factors of 213428157?
3, 71142719
List the prime factors of 62610493.
11, 97, 58679
List the prime factors of 8721337.
1163, 7499
What are the prime factors of 893009573?
893009573
What are the prime factors of 19098914?
2, 19, 31, 523
What are the prime factors of 6561326305?
5, 22483, 58367
List the prime factors of 27867148.
2, 17, 19, 21569
List the prime factors of 299691972.
2, 3, 8324777
List the prime factors of 119730726.
2, 3, 6651707
What are the prime factors of 3244468669?
13, 249574513
List the prime factors of 354733986.
2, 3, 191, 309541
List the prime factors of 132111567.
3, 7, 25889
List the prime factors of 93418985.
5, 11, 23, 73849
What are the prime factors of 823596332?
2, 13, 1181, 13411
List the prime factors of 6732203093.
7, 11, 87431209
List the prime factors of 900668733.
3, 587, 511453
What are the prime factors of 109402231?
229, 477739
What are the prime factors of 238019951?
13, 3467, 5281
List the prime factors of 58324934.
2, 29162467
What are the prime factors of 442873663?
442873663
List the prime factors of 623239165.
5, 23, 127, 139, 307
List the prime factors of 23275829.
97, 239957
List the prime factors of 219420367.
79, 2777473
What are the prime factors of 175891972?
2, 43972993
What are the prime factors of 55372423?
149, 371627
List the prime factors of 2223539537.
2633, 844489
What are the prime factors of 12298399?
23, 199, 2687
What are the prime factors of 38785250?
2, 5, 7, 37, 599
What are the prime factors of 43944220?
2, 5, 683, 3217
What are the prime factors of 7283250754?
2, 13, 47, 131, 45497
List